{"id":19293,"date":"2021-09-21T12:08:35","date_gmt":"2021-09-21T10:08:35","guid":{"rendered":"http:\/\/combo-mg.de\/?page_id=19293"},"modified":"2021-09-21T12:09:33","modified_gmt":"2021-09-21T10:09:33","slug":"technische-prufungen","status":"publish","type":"page","link":"https:\/\/combo-mg.de\/index.php\/technische-prufungen\/","title":{"rendered":"Technische Pr\u00fcfungen"},"content":{"rendered":"\t\t<div data-elementor-type=\"wp-page\" data-elementor-id=\"19293\" class=\"elementor elementor-19293\">\n\t\t\t\t\t\t<section class=\"elementor-section elementor-top-section elementor-element elementor-element-3c33c4c elementor-section-boxed elementor-section-height-default elementor-section-height-default\" data-id=\"3c33c4c\" data-element_type=\"section\" data-e-type=\"section\">\n\t\t\t\t\t\t<div class=\"elementor-container elementor-column-gap-default\">\n\t\t\t\t\t<div class=\"elementor-column elementor-col-100 elementor-top-column elementor-element elementor-element-7e3bc93\" data-id=\"7e3bc93\" data-element_type=\"column\" data-e-type=\"column\">\n\t\t\t<div class=\"elementor-widget-wrap elementor-element-populated\">\n\t\t\t\t\t\t<div class=\"elementor-element elementor-element-de2293c elementor-widget elementor-widget-text-editor\" data-id=\"de2293c\" data-element_type=\"widget\" data-e-type=\"widget\" data-widget_type=\"text-editor.default\">\n\t\t\t\t<div class=\"elementor-widget-container\">\n\t\t\t\t\t\t\t\t\t<p><a href=\"https:\/\/combo-mg.de\/wp-content\/uploads\/2021\/09\/3.jpg\"><img fetchpriority=\"high\" decoding=\"async\" class=\"size-medium wp-image-19212 alignleft\" src=\"https:\/\/combo-mg.de\/wp-content\/uploads\/2021\/09\/3-175x300.jpg\" alt=\"\" width=\"175\" height=\"300\" srcset=\"https:\/\/combo-mg.de\/wp-content\/uploads\/2021\/09\/3-175x300.jpg 175w, https:\/\/combo-mg.de\/wp-content\/uploads\/2021\/09\/3.jpg 350w\" sizes=\"(max-width: 175px) 100vw, 175px\" \/><\/a>Der Gesetzgeber schreibt regelm\u00e4\u00dfige Pr\u00fcfungen aller elektrischen Anlagen und Ger\u00e4te vor, um Gefahren durch Elektrizit\u00e4t zu minimieren.<\/p><p>Regelm\u00e4\u00dfige Pr\u00fcfungen sch\u00fctzen Leben und Sachwerte und gew\u00e4hrleisten Versicherungsschutz. Auch Produktionsausf\u00e4lle aufgrund defekter Technik und die damit einhergehenden Kosten und k\u00f6nnen so vermieden werden.<\/p><p>Sprechen Sie mit uns!<br \/>Wir freuen uns auf Sie.<\/p>\t\t\t\t\t\t\t\t<\/div>\n\t\t\t\t<\/div>\n\t\t\t\t\t<\/div>\n\t\t<\/div>\n\t\t\t\t\t<\/div>\n\t\t<\/section>\n\t\t\t\t<\/div>\n\t\t","protected":false},"excerpt":{"rendered":"<p>Der Gesetzgeber schreibt regelm\u00e4\u00dfige Pr\u00fcfungen aller elektrischen Anlagen und Ger\u00e4te vor, um Gefahren durch Elektrizit\u00e4t zu minimieren. Regelm\u00e4\u00dfige Pr\u00fcfungen sch\u00fctzen Leben und Sachwerte und gew\u00e4hrleisten Versicherungsschutz. Auch Produktionsausf\u00e4lle aufgrund defekter Technik und die damit einhergehenden Kosten und k\u00f6nnen so vermieden werden. Sprechen Sie mit uns! Wir freuen uns auf Sie.<\/p>\n","protected":false},"author":1,"featured_media":0,"parent":0,"menu_order":0,"comment_status":"closed","ping_status":"open","template":"","meta":{"footnotes":""},"class_list":["post-19293","page","type-page","status-publish","hentry"],"_links":{"self":[{"href":"https:\/\/combo-mg.de\/index.php\/wp-json\/wp\/v2\/pages\/19293","targetHints":{"allow":["GET"]}}],"collection":[{"href":"https:\/\/combo-mg.de\/index.php\/wp-json\/wp\/v2\/pages"}],"about":[{"href":"https:\/\/combo-mg.de\/index.php\/wp-json\/wp\/v2\/types\/page"}],"author":[{"embeddable":true,"href":"https:\/\/combo-mg.de\/index.php\/wp-json\/wp\/v2\/users\/1"}],"replies":[{"embeddable":true,"href":"https:\/\/combo-mg.de\/index.php\/wp-json\/wp\/v2\/comments?post=19293"}],"version-history":[{"count":5,"href":"https:\/\/combo-mg.de\/index.php\/wp-json\/wp\/v2\/pages\/19293\/revisions"}],"predecessor-version":[{"id":19298,"href":"https:\/\/combo-mg.de\/index.php\/wp-json\/wp\/v2\/pages\/19293\/revisions\/19298"}],"wp:attachment":[{"href":"https:\/\/combo-mg.de\/index.php\/wp-json\/wp\/v2\/media?parent=19293"}],"curies":[{"name":"wp","href":"https:\/\/api.w.org\/{rel}","templated":true}]}}